7?
3
What is the thousands digit of 19958065?
8
What is the thousands digit of 64601087?
1
What is the hundred thousands digit of 101822218?
8
What is the units digit of 37191716?
6
What is the thousands digit of 43577032?
7
What is the millions digit of 61334333?
1
What is the thousands digit of 1874479833?
9
What is the millions digit of 141137167?
1
What is the hundred thousands digit of 401470158?
4
What is the ten thousands digit of 8726639?
2
What is the hundreds digit of 618855327?
3
What is the hundreds digit of 1221532481?
4
What is the units digit of 183533822?
2
What is the thousands digit of 65609966?
9
What is the hundred thousands digit of 116399534?
3
What is the millions digit of 85100644?
5
What is the hundred millions digit of 1269981923?
2
What is the ten millions digit of 79013504?
7
What is the units digit of 59434361?
1
What is the hundred millions digit of 297109326?
2
What is the hundreds digit of 223151793?
7
What is the units digit of 91461939?
9
What is the hundred thousands digit of 9081346631?
3
What is the tens digit of 195507369?
6
What is the billions digit of 1282071934?
1
What is the hundreds digit of 44812243?
2
What is the ten thousands digit of 303190079?
9
What is the hundred thousands digit of 114067222?
0
What is the ten millions digit of 1212252076?
1
What is the tens digit of 109322466?
6
What is the tens digit of 1931462143?
4
What is the millions digit of 667326263?
7
What is the hundred millions digit of 3579194011?
5
What is the tens digit of 549241172?
7
What is the thousands digit of 1768348482?
8
What is the tens digit of 6039391893?
9
What is the units digit of 25040185?
5
What is the hundred thousands digit of 135457856?
4
What is the units digit of 1411224663?
3
What is the thousands digit of 135742234?
2
What is the tens digit of 41557139?
3
What is the hundred millions digit of 1512212088?
5
What is the billions digit of 2018809115?
2
What is the thousands digit of 1116495977?
5
What is the millions digit of 99839221?
9
What is the hundred thousands digit of 39739215?
7
What is the millions digit of 151774502?
1
What is the units digit of 676301683?
3
What is the units digit of 114848661?
1
What is the hundred millions digit of 305679389?
3
What is the hundred thousands digit of 3339246372?
2
What is the tens digit of 130768880?
8
What is the hundred thousands digit of 293606623?
6
What is the ten thousands digit of 9500913?
0
What is the millions digit of 1795903237?
5
What is the units digit of 3682254?
4
What is the tens digit of 2951873492?
9
What is the ten thousands digit of 1201215189?
1
What is the thousands digit of 817774488?
4
What is the ten thousands digit of 67282008?
8
What is the ten millions digit of 2562658232?
6
What is the units digit of 10704263?
3
What is the hundred thousands digit of 27214763?
2
What is the units digit of 6387012?
2
What is the hundred millions digit of 7182862487?
1
What is the thousands digit of 16078901?
8
What is the ten thousands digit of 308714804?
1
What is the units digit of 71492825?
5
What is the hundred millions digit of 255710930?
2
What is the thousands digit of 59823462?
3
What is the thousands digit of 583745604?
5
What is the thousands digit of 45297037?
7
What is the hundreds digit of 498102645?
6
What is the hundred thousands digit of 57418732?
4
What is the ten thousands digit of 127166697?
6
What is the ten millions digit of 447909267?
4
What is the thousands digit of 61752408?
2
What is the units digit of 1083508912?
2
What is the ten millions digit of 684940668?
8
What is the units digit of 105418542?
2
What is the hundred millions digit of 129973224?
1
What is the ten thousands digit of 519087167?
8
What is the millions digit of 78560678?
8
What is the tens digit of 378309239?
3
What is the thousands digit of 61074756?
4
What is the units digit of 455861152?
2
What is the hundred thousands digit of 444141477?
1
What is the ten millions digit of 2224645138?
2
What is the billions digit of 2674356829?
2
What is the ten millions digit of 179155627?
7
What is the hundred thousands digit of 28718456?
7
What is the hundreds digit of 316673500?
5
What is the thousands digit of 96692332?
2
What is the hundred millions digit of 715107730?
7
What is the billions digit of 1332483719?
1
What is the ten thousands digit of 7016289?
1
What is the billions digit of 1253432488?
1
What is the hundred millions digit of 387329564?
3
What is the units digit of 118986126?
6
What is the ten thousands digit of 56905000?
0
What is the units digit of 4750358?
8
What is the tens digit of 4040180?
8
What is the ten millions digit of 31200792?
3
What is the hundred thousands digit of 4204162427?
1
What is the tens digit of 120064093?
9
What is the thousands digit of 49088709?
8
What is the thousands digit of 4642339690?
9
What is the ten millions digit of 1778841732?
7
What is the hundred millions digit of 2605894818?
6
What is the ten millions digit of 44629520?
4
What is the hundred millions digit of 1274746364?
2
What is the millions digit of 35645468?
5
What is the ten millions digit of 433501964?
3
What is the thousands digit of 39897873?
7
What is the ten thousands digit of 2863734786?
3
What is the units digit of 148843617?
7
What is the hundred thousands digit of 410279324?
2
What is the thousands digit of 206137742?
7
What is the hundreds digit of 190442682?
6
What is the tens digit of 71334768?
6
What is the hundreds digit of 77278069?
0
What is the hundred thousands digit of 311685950?
6
What is the millions digit of 764114578?
4
What is the ten millions digit of 41621625?
4
What is the units digit of 3094740805?
5
What is the ten millions digit of 42222163?
4
What is the ten millions digit of 1559254157?
5
What is the hundred millions digit of 167087243?
1
What is the hundred thousands digit of 67834777?
8
What is the ten thousands digit of 65276545?
7
What is the hundred millions digit of 765483433?
7
What is the hundred millions digit of 1742637980?
7
What is the ten millions digit of 3741122492?
4
What is the tens digit of 210529482?
8
What is the ten thousands digit of 536292849?
9
What is the thousands digit of 52831029?
1
What is the hundreds digit of 15639887?
8
What is the hundred thousands digit of 77907059?
9
What is the ten millions digit of 225150609?
2
What is the hundred millions digit of 457912081?
4
What is the hundred millions digit of 325880170?
3
What is the millions digit of 51409399?
1
What is the hundreds digit of 616195273?
2
What is the thousands digit of 1237809072?
9
What is the tens digit of 55994657?
5
What is the units digit of 7720864570?
0
What is the units digit of 4520405624?
4
What is the hundreds digit of 781206154?
1
What is the millions digit of 553195089?
3
What is the ten millions digit of 531422427?
3
What is the hundred millions digit of 581273226?
5
What is the hundreds digit of 4447136527?
5
What is the hundred thousands digit of 16656259?
6
What is the hundred millions digit of 8571508001?
5
What is the ten millions digit of 2639518992?
3
What is the millions digit of 301515664?
1
What is the ten thousands digit of 49178004?
7
What is the thousands digit of 46953680?
3
What is the units digit of 1039016968?
8
What is the ten thousands digit of 792832525?
3
What is the ten thousands digit of 4371792984?
9
What is the hundred millions digit of 176087418?
1
What is the ten thousands digit of 1097272787?
7
What is the ten millions digit of 72493275?
7
What is the millions digit of 2113688944?
3
What is the billions digit of 1827947982?
1
What is the millions digit of 26954691?
6
What is the ten millions digit of 431835214?
3
What is the hundred thousands digit of 147786740?
7
What is the hundreds digit of 3921?
9
What is the tens digit of 1154951974?
7
What is the millions digit of 289711074?
9
What is the millions digit of 536736106?
6
What is the ten millions digit of 65986268?
6
What is the ten thousands digit of 477572130?
7
What is the hundred millions digit of 1142096553?
1
What is the ten thousands digit of 154956161?
5
What is the thousands digit of 107247202?
7
What is the ten millions digit of 39098893?
3
What is the hundred thousands digit of 410147554?
1
What is the units digit of 6303302